{"id":186,"date":"2021-06-09T14:09:47","date_gmt":"2021-06-09T12:09:47","guid":{"rendered":"http:\/\/conpro.saske.sk\/sps\/?page_id=186"},"modified":"2026-02-03T15:43:38","modified_gmt":"2026-02-03T14:43:38","slug":"linky","status":"publish","type":"page","link":"https:\/\/conpro.saske.sk\/sps\/linky\/","title":{"rendered":""},"content":{"rendered":"<div id=\"pl-186\"  class=\"panel-layout\" ><div id=\"pg-186-0\"  class=\"panel-grid panel-no-style\" ><div id=\"pgc-186-0-0\"  class=\"panel-grid-cell\" ><div id=\"panel-186-0-0-0\" class=\"so-panel widget widget_sow-editor panel-first-child panel-last-child\" data-index=\"0\" ><div\n\t\t\t\n\t\t\tclass=\"so-widget-sow-editor so-widget-sow-editor-base\"\n\t\t\t\n\t\t>\n<div class=\"siteorigin-widget-tinymce textwidget\">\n\t<h1>U\u017eito\u010dn\u00e9 linky<\/h1>\n<p>&nbsp;<\/p>\n<ul>\n<li><b><span style=\"text-decoration: underline;\">Domovsk\u00e1 adresa:<\/span><br \/>\nSlovensk\u00e1 parazitologick\u00e1 spolo\u010dnos\u0165 pri SAV<\/b><br \/>\nHlinkova 3<br \/>\n040 01 Ko\u0161ice<br \/>\nTel: 055 63 344 55<br \/>\nE-mail: sps( at )saske.sk<br \/>\n<img decoding=\"async\" src=\"https:\/\/conpro.saske.sk\/sps\/wp-content\/uploads\/sites\/10\/2024\/06\/sps.png\"\/><u><a class=\"icon-position\" href=\"https:\/\/conpro.saske.sk\/sps\/\" target=\"_blank\" rel=\"noopener\">conpro.saske.sk\/sps<\/a><\/u><br \/>\n<a href=\"https:\/\/www.facebook.com\/parazitologia.sk\" target=\"_blank\" rel=\"noopener\"><img decoding=\"async\" class=\"icon-position2\" style=\"margin-left: 15px;\" src=\"https:\/\/conpro.saske.sk\/sps\/wp-content\/uploads\/sites\/10\/2024\/10\/fcblogo.png\"\/><\/a><\/li>\n<\/ul>\n<hr class=\"gradient\"\/>\n<ul>\n<li><b>Svetov\u00e1 parazitologick\u00e1 feder\u00e1cia (World Federation of Parasitologists)<\/b><br \/>\n<img decoding=\"async\" src=\"https:\/\/conpro.saske.sk\/sps\/wp-content\/uploads\/sites\/10\/2021\/06\/wfplogo-1.png\"\/><u><a class=\"icon-position\" href=\"https:\/\/www.wfpnet.org\/\" target=\"_blank\" rel=\"noopener\">www.wfpnet.org<\/a><\/u><\/li>\n<\/ul>\n<ul>\n<li><b>Svetov\u00e1 asoci\u00e1cia pre pokrok vo veterin\u00e1rnej parazitol\u00f3gii<br \/>\n(World Association for the Advancement of Veterinary Parasitology)<\/b><br \/>\n<img decoding=\"async\" src=\"https:\/\/conpro.saske.sk\/sps\/wp-content\/uploads\/sites\/10\/2021\/06\/Waavplogo-1.png\"\/><u><a class=\"icon-position\" href=\"https:\/\/www.waavp.org\/\" target=\"_blank\" rel=\"noopener\">www.waavp.org<\/a><\/u><\/li>\n<\/ul>\n<ul>\n<li><b>Eur\u00f3pska parazitologick\u00e1 feder\u00e1cia<br \/>\n(European Federation of Parasitologists)<\/b><br \/>\n<img decoding=\"async\" class=\"icon-position4\" src=\"https:\/\/conpro.saske.sk\/sps\/wp-content\/uploads\/sites\/10\/2021\/06\/efp-1.png\"\/><u><a class=\"icon-position\" href=\"https:\/\/www.eurofedpar.eu\/\" target=\"_blank\" rel=\"noopener\">www.eurofedpar.eu<\/a><\/u><br \/>\n<u><a class=\"icon-position3\" href=\"https:\/\/europfedpar.wordpress.com\/\" target=\"_blank\" rel=\"noopener\">Blog EFP<\/a><\/u><\/li>\n<\/ul>\n<ul>\n<li><b>\u010cesk\u00e1 parazitologick\u00e1 spolo\u010dnos\u0165<\/b><br \/>\n<img decoding=\"async\" src=\"https:\/\/conpro.saske.sk\/sps\/wp-content\/uploads\/sites\/10\/2021\/06\/cps-1.png\"\/><u><a class=\"icon-position\" href=\"https:\/\/www.parazitologie.eu\/\" target=\"_blank\" rel=\"noopener\">www.parazitologie.eu<\/a><\/u><br \/>\n<a href=\"https:\/\/www.facebook.com\/parazitologie.cz\" target=\"_blank\" rel=\"noopener\"><img decoding=\"async\" class=\"icon-position2\" style=\"margin-left: 15px;\" src=\"https:\/\/conpro.saske.sk\/sps\/wp-content\/uploads\/sites\/10\/2024\/10\/fcblogo.png\"\/><\/a><\/li>\n<\/ul>\n<ul>\n<li><b>Slovensk\u00e1 akad\u00e9mia vied<\/b><br \/>\n<img decoding=\"async\" src=\"https:\/\/conpro.saske.sk\/sps\/wp-content\/uploads\/sites\/10\/2021\/06\/sav-1.png\"\/><u><a class=\"icon-position\" href=\"https:\/\/www.sav.sk\/\" target=\"_blank\" rel=\"noopener\">www.sav.sk<\/a><\/u><br \/>\n<a href=\"https:\/\/www.facebook.com\/SlovenskaAkademiaVied\" target=\"_blank\" rel=\"noopener\"><img decoding=\"async\" class=\"icon-position2\" style=\"margin-left: 15px;\" src=\"https:\/\/conpro.saske.sk\/sps\/wp-content\/uploads\/sites\/10\/2024\/10\/fcblogo.png\"\/><\/a> <a href=\"https:\/\/twitter.com\/AkademiaVied\" target=\"_blank\" rel=\"noopener\"><img decoding=\"async\" class=\"icon-position2\" style=\"margin-left: 20px;\" src=\"https:\/\/conpro.saske.sk\/sps\/wp-content\/uploads\/sites\/10\/2024\/10\/X-logo.png\" width=\"32px\"\/><\/a> <a href=\"https:\/\/www.instagram.com\/akademiavied\/\" target=\"_blank\" rel=\"noopener\"><img decoding=\"async\" class=\"icon-position2\" style=\"margin-left: 20px;\" src=\"https:\/\/conpro.saske.sk\/sps\/wp-content\/uploads\/sites\/10\/2021\/06\/iconinsta.png\" width=\"32px\"\/><\/a><\/li>\n<\/ul>\n<ul>\n<li><b>Organiz\u00e1cia ESCCAP SLOVENSKO a \u010cESKO<\/b><br \/>\n<img decoding=\"async\" class=\"icon-position7\" src=\"https:\/\/conpro.saske.sk\/sps\/wp-content\/uploads\/sites\/10\/2024\/10\/esccap-logo.png\" width=\"225\" height=\"54\"\/>&nbsp;&nbsp;<u><a class=\"icon-position6\" href=\"https:\/\/www.esccapskcz.org\/slovakia\/\" target=\"_blank\" rel=\"noopener\">www.esccapskcz.org\/slovakia\/<\/a><\/u><br \/>\n<a href=\"https:\/\/www.facebook.com\/ESCCAPEurope\/\" target=\"_blank\" rel=\"noopener\"><img decoding=\"async\" class=\"icon-position8\" style=\"margin-left: 15px;\" src=\"https:\/\/conpro.saske.sk\/sps\/wp-content\/uploads\/sites\/10\/2024\/10\/fcblogo.png\"\/><\/a> <a href=\"https:\/\/twitter.com\/ESCCAP\" target=\"_blank\" rel=\"noopener\"><img decoding=\"async\" class=\"icon-position8\" style=\"margin-left: 20px;\" src=\"https:\/\/conpro.saske.sk\/sps\/wp-content\/uploads\/sites\/10\/2024\/10\/X-logo.png\" width=\"32px\"\/><\/a> <a href=\"https:\/\/www.linkedin.com\/company\/esccap-european-scientific-counsel-companion-animal-parasites\/\" target=\"_blank\" rel=\"noopener\"><img decoding=\"async\" class=\"icon-position8\" style=\"margin-left: 20px;\" src=\"https:\/\/conpro.saske.sk\/sps\/wp-content\/uploads\/sites\/10\/2024\/10\/linkedIn-logo.png\" width=\"32px\"\/><\/a> <a href=\"https:\/\/www.youtube.com\/channel\/UC79I3U1IXTtIqe-13LoBbqg\" target=\"_blank\" rel=\"noopener\"><img decoding=\"async\" class=\"icon-position8\" style=\"margin-left: 20px;\" src=\"https:\/\/conpro.saske.sk\/sps\/wp-content\/uploads\/sites\/10\/2024\/10\/yt-logo.png\" width=\"32px\"\/><\/a><\/li>\n<\/ul>\n<ul>\n<li><b>Parazitologick\u00fd \u00fastav SAV, v. v. i.<\/b><br \/>\n<img decoding=\"async\" class=\"icon-position9\" src=\"https:\/\/conpro.saske.sk\/sps\/wp-content\/uploads\/sites\/10\/2024\/06\/pau.png\"\/><u><a class=\"icon-position10\" href=\"https:\/\/pau.saske.sk\/\" target=\"_blank\" rel=\"noopener\">pau.saske.sk<\/a><\/u><br \/>\n<a href=\"https:\/\/www.facebook.com\/parazitologia.sk\" target=\"_blank\" rel=\"noopener\"><img decoding=\"async\" class=\"icon-position8\" style=\"margin-left: 15px;\" src=\"https:\/\/conpro.saske.sk\/sps\/wp-content\/uploads\/sites\/10\/2024\/10\/fcblogo.png\"\/><\/a><\/li>\n<\/ul>\n<p>&nbsp;<\/p>\n<p>&nbsp;<\/p>\n<\/div>\n<\/div><\/div><\/div><\/div><div id=\"pg-186-1\"  class=\"panel-grid panel-no-style\" ><div id=\"pgc-186-1-0\"  class=\"panel-grid-cell\" ><div id=\"panel-186-1-0-0\" class=\"so-panel widget widget_sow-editor panel-first-child panel-last-child\" data-index=\"1\" ><div\n\t\t\t\n\t\t\tclass=\"so-widget-sow-editor so-widget-sow-editor-base\"\n\t\t\t\n\t\t>\n<div class=\"siteorigin-widget-tinymce textwidget\">\n\t<\/div>\n<\/div><\/div><\/div><\/div><\/div>","protected":false},"excerpt":{"rendered":"<p>U\u017eito\u010dn\u00e9 linky &nbsp; Domovsk\u00e1 adresa: Slovensk\u00e1 parazitologick\u00e1 spolo\u010dnos\u0165 pri SAV Hlinkova 3 040 01 Ko\u0161ice Tel: 055 63 344 55 E-mail: sps( at )saske.sk conpro.saske.sk\/sps Svetov\u00e1 parazitologick\u00e1 feder\u00e1cia (World Federation of Parasitologists) www.wfpnet.org Svetov\u00e1 asoci\u00e1cia pre pokrok vo veterin\u00e1rnej parazitol\u00f3gii<\/p>\n","protected":false},"author":1,"featured_media":0,"parent":0,"menu_order":0,"comment_status":"closed","ping_status":"closed","template":"","meta":{"footnotes":""},"class_list":["post-186","page","type-page","status-publish","hentry"],"_links":{"self":[{"href":"https:\/\/conpro.saske.sk\/sps\/wp-json\/wp\/v2\/pages\/186","targetHints":{"allow":["GET"]}}],"collection":[{"href":"https:\/\/conpro.saske.sk\/sps\/wp-json\/wp\/v2\/pages"}],"about":[{"href":"https:\/\/conpro.saske.sk\/sps\/wp-json\/wp\/v2\/types\/page"}],"author":[{"embeddable":true,"href":"https:\/\/conpro.saske.sk\/sps\/wp-json\/wp\/v2\/users\/1"}],"replies":[{"embeddable":true,"href":"https:\/\/conpro.saske.sk\/sps\/wp-json\/wp\/v2\/comments?post=186"}],"version-history":[{"count":66,"href":"https:\/\/conpro.saske.sk\/sps\/wp-json\/wp\/v2\/pages\/186\/revisions"}],"predecessor-version":[{"id":1326,"href":"https:\/\/conpro.saske.sk\/sps\/wp-json\/wp\/v2\/pages\/186\/revisions\/1326"}],"wp:attachment":[{"href":"https:\/\/conpro.saske.sk\/sps\/wp-json\/wp\/v2\/media?parent=186"}],"curies":[{"name":"wp","href":"https:\/\/api.w.org\/{rel}","templated":true}]}}